{"id":10090,"date":"2024-06-28T11:20:39","date_gmt":"2024-06-28T11:20:39","guid":{"rendered":"https:\/\/www.fantechnics.pl\/?post_type=product&#038;p=10090"},"modified":"2026-02-23T14:30:04","modified_gmt":"2026-02-23T14:30:04","slug":"technics-sh-ac300d-procesor-dzwieku-5-1","status":"publish","type":"product","link":"https:\/\/www.fantechnics.pl\/index.php\/produkt\/technics-sh-ac300d-procesor-dzwieku-5-1\/","title":{"rendered":"Technics SH-AC300D procesor d\u017awi\u0119ku 5.1"},"content":{"rendered":"<p>Technics SH-AC300 procesor d\u017awi\u0119ku 5.1<\/p>\n<p>&nbsp;<\/p>\n","protected":false},"excerpt":{"rendered":"<p>Technics SH-AC300 procesor d\u017awi\u0119ku 5.1 &nbsp;<\/p>\n","protected":false},"featured_media":10091,"template":"","meta":[],"product_brand":[],"product_cat":[43],"product_tag":[],"class_list":{"0":"post-10090","1":"product","2":"type-product","3":"status-publish","4":"has-post-thumbnail","6":"product_cat-equalizery","8":"first","9":"outofstock","10":"shipping-taxable","11":"purchasable","12":"product-type-simple"},"_links":{"self":[{"href":"https:\/\/www.fantechnics.pl\/index.php\/wp-json\/wp\/v2\/product\/10090","targetHints":{"allow":["GET"]}}],"collection":[{"href":"https:\/\/www.fantechnics.pl\/index.php\/wp-json\/wp\/v2\/product"}],"about":[{"href":"https:\/\/www.fantechnics.pl\/index.php\/wp-json\/wp\/v2\/types\/product"}],"wp:featuredmedia":[{"embeddable":true,"href":"https:\/\/www.fantechnics.pl\/index.php\/wp-json\/wp\/v2\/media\/10091"}],"wp:attachment":[{"href":"https:\/\/www.fantechnics.pl\/index.php\/wp-json\/wp\/v2\/media?parent=10090"}],"wp:term":[{"taxonomy":"product_brand","embeddable":true,"href":"https:\/\/www.fantechnics.pl\/index.php\/wp-json\/wp\/v2\/product_brand?post=10090"},{"taxonomy":"product_cat","embeddable":true,"href":"https:\/\/www.fantechnics.pl\/index.php\/wp-json\/wp\/v2\/product_cat?post=10090"},{"taxonomy":"product_tag","embeddable":true,"href":"https:\/\/www.fantechnics.pl\/index.php\/wp-json\/wp\/v2\/product_tag?post=10090"}],"curies":[{"name":"wp","href":"https:\/\/api.w.org\/{rel}","templated":true}]}}