{"id":240,"date":"2021-11-20T15:57:15","date_gmt":"2021-11-20T15:57:15","guid":{"rendered":"https:\/\/www.fantechnics.pl\/?page_id=240"},"modified":"2022-02-14T23:18:47","modified_gmt":"2022-02-14T23:18:47","slug":"kontakt-fan-technics-fantechnics-sklep-lodz","status":"publish","type":"page","link":"https:\/\/www.fantechnics.pl\/index.php\/kontakt-fan-technics-fantechnics-sklep-lodz\/","title":{"rendered":"Kontakt"},"content":{"rendered":"\n<div class=\"wp-block-columns is-layout-flex wp-container-core-columns-is-layout-9d6595d7 wp-block-columns-is-layout-flex\">\n<div class=\"wp-block-column is-layout-flow wp-block-column-is-layout-flow\">\n<h2 class=\"has-text-align-center wp-block-heading\" id=\"zadzwon\">Zadzwo\u0144:<\/h2>\n\n\n\n<div style=\"text-align:center;\"><i style=\"font-size: 15px; width: 25px;\">\ud83d\udcde<\/i><b> +48 660 884 334<\/b><\/div>\n<\/div>\n\n\n\n<div class=\"wp-block-column is-layout-flow wp-block-column-is-layout-flow\">\n<h2 class=\"has-text-align-center wp-block-heading\" id=\"adres\">Adres:<\/h2>\n\n\n\n<div class=\"wp-block-buttons is-horizontal is-content-justification-center is-layout-flex wp-container-core-buttons-is-layout-499968f5 wp-block-buttons-is-layout-flex\"><\/div>\n\n\n\n<div style=\"text-align: center;\">\n<b>91-614 \u0141\u00f3d\u017a<\/b><br>\n<b>Kwarcowa 2<\/b>\n<\/div>\n\n\n\n<p><\/p>\n<\/div>\n\n\n\n<div class=\"wp-block-column is-layout-flow wp-block-column-is-layout-flow\">\n<h2 class=\"has-text-align-center wp-block-heading\" id=\"godziny-otwarcia\">Godziny otwarcia:<\/h2>\n\n\n\n<ul class=\"wp-block-list\"><li><b>Poniedzia\u0142ek:<\/b><div style=\"text-align: right; float: right;\">09<sup>00<\/sup>-17 <sup>00<\/sup><\/div><\/li><li><b>Wtorek:<\/b><div style=\"text-align: right; float: right;\">09<sup>00<\/sup>-17 <sup>00<\/sup><\/div><\/li><li><b>\u015aroda:<\/b><div style=\"text-align: right; float: right;\">09<sup>00<\/sup>-17 <sup>00<\/sup><\/div><\/li><li><b>Czwartek:<\/b><div style=\"text-align: right; float: right;\">09<sup>00<\/sup>-17 <sup>00<\/sup><\/div><\/li><li><b>Pi\u0105tek:<\/b><div style=\"text-align: right; float: right;\">09<sup>00<\/sup>-17 <sup>00<\/sup><\/div><\/li><li><b>Sobota*:<\/b><div style=\"text-align: right; float: right;\">09<sup>00<\/sup>-14 <sup>00<\/sup><\/div><\/li><li><strong><b>Niedziela**:<\/b><\/strong><div style=\"text-align: right; float: right;\">na telefon<\/div><\/li><\/ul>\n\n\n\n<p><em>*Sobota &#8211; nie ka\u017cda &#8211; prosz\u0119 dzwoni\u0107 przed przyjazdem.<br>**Niedziela &#8211; po wcze\u015bniejszym uzgodnieniu telefonicznym mo\u017cliwy odbi\u00f3r sprz\u0119tu w sklepie<\/em>. <\/p>\n<\/div>\n<\/div>\n\n\n\n<hr class=\"wp-block-separator\"\/>\n\n\n\n<h2 class=\"has-text-align-center wp-block-heading\" id=\"odwiedz-sklep-stacjonarny\">Odwied\u017a sklep stacjonarny<\/h2>\n\n\n\n<figure class=\"wp-block-gallery has-nested-images columns-4 is-cropped wp-block-gallery-1 is-layout-flex wp-block-gallery-is-layout-flex\">\n<figure class=\"wp-block-image size-large\"><img loading=\"lazy\" decoding=\"async\" width=\"768\" height=\"768\" data-id=\"262\" src=\"https:\/\/www.fantechnics.pl\/wp-content\/uploads\/2021\/11\/20190507_101551.jpg\" alt=\"\" class=\"wp-image-262\" srcset=\"https:\/\/www.fantechnics.pl\/wp-content\/uploads\/2021\/11\/20190507_101551.jpg 768w, https:\/\/www.fantechnics.pl\/wp-content\/uploads\/2021\/11\/20190507_101551-300x300.jpg 300w, https:\/\/www.fantechnics.pl\/wp-content\/uploads\/2021\/11\/20190507_101551-150x150.jpg 150w, https:\/\/www.fantechnics.pl\/wp-content\/uploads\/2021\/11\/20190507_101551-600x600.jpg 600w, https:\/\/www.fantechnics.pl\/wp-content\/uploads\/2021\/11\/20190507_101551-100x100.jpg 100w\" sizes=\"auto, (max-width: 768px) 100vw, 768px\" \/><\/figure>\n\n\n\n<figure class=\"wp-block-image size-large\"><img loading=\"lazy\" decoding=\"async\" width=\"768\" height=\"768\" data-id=\"263\" src=\"https:\/\/www.fantechnics.pl\/wp-content\/uploads\/2021\/11\/20190507_101642.jpg\" alt=\"\" class=\"wp-image-263\" srcset=\"https:\/\/www.fantechnics.pl\/wp-content\/uploads\/2021\/11\/20190507_101642.jpg 768w, https:\/\/www.fantechnics.pl\/wp-content\/uploads\/2021\/11\/20190507_101642-300x300.jpg 300w, https:\/\/www.fantechnics.pl\/wp-content\/uploads\/2021\/11\/20190507_101642-150x150.jpg 150w, https:\/\/www.fantechnics.pl\/wp-content\/uploads\/2021\/11\/20190507_101642-600x600.jpg 600w, https:\/\/www.fantechnics.pl\/wp-content\/uploads\/2021\/11\/20190507_101642-100x100.jpg 100w\" sizes=\"auto, (max-width: 768px) 100vw, 768px\" \/><\/figure>\n\n\n\n<figure class=\"wp-block-image size-large\"><img loading=\"lazy\" decoding=\"async\" width=\"768\" height=\"768\" data-id=\"264\" src=\"https:\/\/www.fantechnics.pl\/wp-content\/uploads\/2021\/11\/20190507_101725.jpg\" alt=\"\" class=\"wp-image-264\" srcset=\"https:\/\/www.fantechnics.pl\/wp-content\/uploads\/2021\/11\/20190507_101725.jpg 768w, https:\/\/www.fantechnics.pl\/wp-content\/uploads\/2021\/11\/20190507_101725-300x300.jpg 300w, https:\/\/www.fantechnics.pl\/wp-content\/uploads\/2021\/11\/20190507_101725-150x150.jpg 150w, https:\/\/www.fantechnics.pl\/wp-content\/uploads\/2021\/11\/20190507_101725-600x600.jpg 600w, https:\/\/www.fantechnics.pl\/wp-content\/uploads\/2021\/11\/20190507_101725-100x100.jpg 100w\" sizes=\"auto, (max-width: 768px) 100vw, 768px\" \/><\/figure>\n\n\n\n<figure class=\"wp-block-image size-large\"><img loading=\"lazy\" decoding=\"async\" width=\"768\" height=\"768\" data-id=\"265\" src=\"https:\/\/www.fantechnics.pl\/wp-content\/uploads\/2021\/11\/20190507_101829.jpg\" alt=\"\" class=\"wp-image-265\" srcset=\"https:\/\/www.fantechnics.pl\/wp-content\/uploads\/2021\/11\/20190507_101829.jpg 768w, https:\/\/www.fantechnics.pl\/wp-content\/uploads\/2021\/11\/20190507_101829-300x300.jpg 300w, https:\/\/www.fantechnics.pl\/wp-content\/uploads\/2021\/11\/20190507_101829-150x150.jpg 150w, https:\/\/www.fantechnics.pl\/wp-content\/uploads\/2021\/11\/20190507_101829-600x600.jpg 600w, https:\/\/www.fantechnics.pl\/wp-content\/uploads\/2021\/11\/20190507_101829-100x100.jpg 100w\" sizes=\"auto, (max-width: 768px) 100vw, 768px\" \/><\/figure>\n\n\n\n<figure class=\"wp-block-image size-large\"><img loading=\"lazy\" decoding=\"async\" width=\"768\" height=\"768\" data-id=\"266\" src=\"https:\/\/www.fantechnics.pl\/wp-content\/uploads\/2021\/11\/20190928_174709.jpg\" alt=\"\" class=\"wp-image-266\" srcset=\"https:\/\/www.fantechnics.pl\/wp-content\/uploads\/2021\/11\/20190928_174709.jpg 768w, https:\/\/www.fantechnics.pl\/wp-content\/uploads\/2021\/11\/20190928_174709-300x300.jpg 300w, https:\/\/www.fantechnics.pl\/wp-content\/uploads\/2021\/11\/20190928_174709-150x150.jpg 150w, https:\/\/www.fantechnics.pl\/wp-content\/uploads\/2021\/11\/20190928_174709-600x600.jpg 600w, https:\/\/www.fantechnics.pl\/wp-content\/uploads\/2021\/11\/20190928_174709-100x100.jpg 100w\" sizes=\"auto, (max-width: 768px) 100vw, 768px\" \/><\/figure>\n\n\n\n<figure class=\"wp-block-image size-large\"><img loading=\"lazy\" decoding=\"async\" width=\"768\" height=\"768\" data-id=\"267\" src=\"https:\/\/www.fantechnics.pl\/wp-content\/uploads\/2021\/11\/20190928_174721.jpg\" alt=\"\" class=\"wp-image-267\" srcset=\"https:\/\/www.fantechnics.pl\/wp-content\/uploads\/2021\/11\/20190928_174721.jpg 768w, https:\/\/www.fantechnics.pl\/wp-content\/uploads\/2021\/11\/20190928_174721-300x300.jpg 300w, https:\/\/www.fantechnics.pl\/wp-content\/uploads\/2021\/11\/20190928_174721-150x150.jpg 150w, https:\/\/www.fantechnics.pl\/wp-content\/uploads\/2021\/11\/20190928_174721-600x600.jpg 600w, https:\/\/www.fantechnics.pl\/wp-content\/uploads\/2021\/11\/20190928_174721-100x100.jpg 100w\" sizes=\"auto, (max-width: 768px) 100vw, 768px\" \/><\/figure>\n\n\n\n<figure class=\"wp-block-image size-large\"><img loading=\"lazy\" decoding=\"async\" width=\"768\" height=\"768\" data-id=\"268\" src=\"https:\/\/www.fantechnics.pl\/wp-content\/uploads\/2021\/11\/20191007_132528.jpg\" alt=\"\" class=\"wp-image-268\" srcset=\"https:\/\/www.fantechnics.pl\/wp-content\/uploads\/2021\/11\/20191007_132528.jpg 768w, https:\/\/www.fantechnics.pl\/wp-content\/uploads\/2021\/11\/20191007_132528-300x300.jpg 300w, https:\/\/www.fantechnics.pl\/wp-content\/uploads\/2021\/11\/20191007_132528-150x150.jpg 150w, https:\/\/www.fantechnics.pl\/wp-content\/uploads\/2021\/11\/20191007_132528-600x600.jpg 600w, https:\/\/www.fantechnics.pl\/wp-content\/uploads\/2021\/11\/20191007_132528-100x100.jpg 100w\" sizes=\"auto, (max-width: 768px) 100vw, 768px\" \/><\/figure>\n\n\n\n<figure class=\"wp-block-image size-large\"><img loading=\"lazy\" decoding=\"async\" width=\"768\" height=\"768\" data-id=\"269\" src=\"https:\/\/www.fantechnics.pl\/wp-content\/uploads\/2021\/11\/20191007_132634.jpg\" alt=\"\" class=\"wp-image-269\" srcset=\"https:\/\/www.fantechnics.pl\/wp-content\/uploads\/2021\/11\/20191007_132634.jpg 768w, https:\/\/www.fantechnics.pl\/wp-content\/uploads\/2021\/11\/20191007_132634-300x300.jpg 300w, https:\/\/www.fantechnics.pl\/wp-content\/uploads\/2021\/11\/20191007_132634-150x150.jpg 150w, https:\/\/www.fantechnics.pl\/wp-content\/uploads\/2021\/11\/20191007_132634-600x600.jpg 600w, https:\/\/www.fantechnics.pl\/wp-content\/uploads\/2021\/11\/20191007_132634-100x100.jpg 100w\" sizes=\"auto, (max-width: 768px) 100vw, 768px\" \/><\/figure>\n<\/figure>\n\n\n\n<hr class=\"wp-block-separator\"\/>\n\n\n\n<h2 class=\"has-text-align-center wp-block-heading\" id=\"gdzie-jestesmy\">Gdzie jeste\u015bmy<\/h2>\n\n\n\n<div style=\"text-align:center;\"><iframe src=\"https:\/\/www.google.com\/maps\/embed?pb=!1m18!1m12!1m3!1d2467.218744815456!2d19.48957671576228!3d51.802163579684645!2m3!1f0!2f0!3f0!3m2!1i1024!2i768!4f13.1!3m3!1m2!1s0x471bcb10f02365ad%3A0x2de8a8c0ade07867!2sFan-Technics!5e0!3m2!1spl!2spl!4v1637426021952!5m2!1spl!2spl\" width=\"600\" height=\"450\" style=\"border:0;\" allowfullscreen=\"\" loading=\"lazy\"><\/iframe><\/div>\n\n\n\n<script src=\"https:\/\/apps.elfsight.com\/p\/platform.js\" defer><\/script>\n<style>.bztMy{ display: none!important;}<\/style>\n<div class=\"elfsight-app-e41bb153-3ac9-477d-935b-e3793ac34067\"><\/div>\n\n\n\n<p><\/p>\n","protected":false},"excerpt":{"rendered":"<p>Zadzwo\u0144: \ud83d\udcde +48 660 884 334 Adres: 91-614 \u0141\u00f3d\u017a Kwarcowa 2 Godziny otwarcia: Poniedzia\u0142ek: 0900-17 00 Wtorek: 0900-17 00 \u015aroda: 0900-17 00 Czwartek: 0900-17 00 Pi\u0105tek: 0900-17 00 Sobota*: 0900-14 00 Niedziela**:<a class=\"moretag\" href=\"https:\/\/www.fantechnics.pl\/index.php\/kontakt-fan-technics-fantechnics-sklep-lodz\/\">Read More&#8230;<\/a><\/p>\n","protected":false},"author":1,"featured_media":0,"parent":0,"menu_order":0,"comment_status":"closed","ping_status":"closed","template":"","meta":{"footnotes":""},"class_list":["post-240","page","type-page","status-publish","hentry"],"_links":{"self":[{"href":"https:\/\/www.fantechnics.pl\/index.php\/wp-json\/wp\/v2\/pages\/240","targetHints":{"allow":["GET"]}}],"collection":[{"href":"https:\/\/www.fantechnics.pl\/index.php\/wp-json\/wp\/v2\/pages"}],"about":[{"href":"https:\/\/www.fantechnics.pl\/index.php\/wp-json\/wp\/v2\/types\/page"}],"author":[{"embeddable":true,"href":"https:\/\/www.fantechnics.pl\/index.php\/wp-json\/wp\/v2\/users\/1"}],"replies":[{"embeddable":true,"href":"https:\/\/www.fantechnics.pl\/index.php\/wp-json\/wp\/v2\/comments?post=240"}],"version-history":[{"count":34,"href":"https:\/\/www.fantechnics.pl\/index.php\/wp-json\/wp\/v2\/pages\/240\/revisions"}],"predecessor-version":[{"id":1574,"href":"https:\/\/www.fantechnics.pl\/index.php\/wp-json\/wp\/v2\/pages\/240\/revisions\/1574"}],"wp:attachment":[{"href":"https:\/\/www.fantechnics.pl\/index.php\/wp-json\/wp\/v2\/media?parent=240"}],"curies":[{"name":"wp","href":"https:\/\/api.w.org\/{rel}","templated":true}]}}